rime number?
False
Let c(p) = 340*p**2 + 53*p - 12. Is c(-10) a composite number?
True
Suppose 5*n = 4*m - 118787, -3*n = -1 - 14. Is m prime?
False
Let n(r) = -r**3 + 6*r**2 - 4*r - 5. Let d be n(5). Suppose 4*w - 18347 = -w + 2*q, d = 4*w + 4*q - 14700. Is w prime?
True
Let n = 23 - 15. Let c = -4 + n. Suppose 5*l = -5*w - 408 + 1033, 518 = c*w - 5*l. Is w prime?
True
Suppose -2*b = -4*r + 58 - 2, 0 = -r + b + 16. Suppose 1691 = -5*m + 2*v, 6*m = 3*m - 2*v - 1021. Is m/(-6) + (-18)/r a prime number?
False
Let r = 450 - -362. Suppose -4*h = -d - 3*d - r, -1 = d. Is h - (-3 + 2)*1 a composite number?
True
Let m(q) = -3*q**2 + 3*q + 1. Let y = 7 + -10. Let p be m(y). Let h = 61 + p. Is h a composite number?
True
Let c(z) = 320*z**2 - z - 2. Suppose -11 = 7*y - 4. Is c(y) a composite number?
True
Suppose -5*a - 201 = -3*u + 4410, 4*u + 2*a - 6148 = 0. Suppose u = 5*o - i, 5*i = 3*o + 436 - 1367. Is o prime?
True
Let g(c) = -c**3 + 9*c**2 - c + 13. Suppose -12 + 3 = -n. Let r be g(n). Is r + -3 + -2 + 54 a composite number?
False
Let x be -3 - (0 + 307/(-1)). Suppose 4*i + k + k = -408, -x = 3*i + k. Let q = i + 179. Is q prime?
True
Suppose -i - i = 0. Let z be (6 - 3) + (331 - i). Suppose -68*n + 69*n = z. Is n a composite number?
True
Is (-1)/((-424296)/84858 - -5) prime?
True
Let q(i) = -4*i**3 - 30*i**2 - 99*i + 46. Is q(-24) prime?
False
Suppose 0 = -2*f + 3*o + 4489, 20*f = 22*f - 4*o - 4494. Is f composite?
False
Let o(c) = 22*c**3 - 4*c**2 - 10*c + 11. Is o(6) prime?
False
Suppose -3*y - 6 + 3 = 0. Let f = -1 - y. Suppose -j + 6 = -f. Is j composite?
True
Let l(b) = -b**2 - 13*b + 5815. Is l(0) a prime number?
False
Let h = -13414 + 33144. Suppose 6*a - h = -4*a. Is a a prime number?
True
Suppose -3*g = -4*q - 304, 2*g + 0*g + 2*q - 198 = 0. Let l = 289 + g. Is l a composite number?
False
Let z = 7730 - -4871. Is z a composite number?
False
Let b(d) = 157*d**2 + 4*d - 4. Let u be b(-4). Suppose 0 = 5*p - k - 6233, 2*p - u = 4*k - 3*k. Suppose -6*g = -f - 4*g + 405, -3*f - 2*g = -p. Is f composite?
True
Let g(t) = 736*t - 9. Let l = 56 - 53. Is g(l) a prime number?
False
Let c = 27429 + 1784. Is c composite?
True
Let q(v) = 7*v**3 - 88*v**2 + 5*v - 13. Is q(27) a composite number?
False
Let n(h) = 894*h**3 + 5*h**2 + 33*h - 127. Is n(5) a prime number?
True
Suppose -7349 = -5*p + 2*r, r + 2939 = 4*p - 2*p. Is p a composite number?
False
Let p(y) = -y**3 - y**2 + y + 1. Let q(k) = -3*k**3 - 7*k**2 - k + 10. Let z(d) = -4*p(d) + q(d). Suppose 40 + 5 = 5*v - 4*w, 3*w = -15. Is z(v) prime?
True
Is 136 + (-9 - 0/(-5)) a prime number?
True
Let n be 6/(-9) - 2/6. Let w be 0/(n/(-1) + 3). Suppose 0 = -w*c + 2*c - r - 787, -c - r = -392. Is c prime?
False
Let t(b) = 32*b**2 + 8*b + 11. Is t(-9) composite?
False
Suppose 2*w - 17 = -9. Suppose m + w*q - 693 = 26, 4*m - 2941 = -3*q. Is m composite?
False
Let g(p) = 3*p**2 - 7*p + 5. Let k be (-2)/7 - 220/(-35). Is g(k) prime?
True
Let j = 666 + -93. Suppose 4*n - u = 2*n + 231, -2*u + j = 5*n. Is n composite?
True
Let o = 1065 - -1678. Is o composite?
True
Let q(y) = -y**3 - 10*y**2 + y + 14. Let x be q(-10). Suppose -122 = -x*b + 90. Is b a composite number?
False
Let f(k) = 539*k**2 - 14*k + 58. Is f(-9) a composite number?
True
Let v(b) = 437*b**2 - 7*b + 7. Is v(2) a composite number?
False
Suppose 2*u = -4, -5*v + 4*u + 420117 = 3*u. Is v prime?
False
Suppose -115*d + 113*d + 25322 = -3*v, 3*d - 37983 = v. Is d a prime number?
False
Suppose -24 - 12 = -4*d - 5*f, 2*d + f - 12 = 0. Is (1344/(-20) + -4)/(d/(-10)) a composite number?
True
Let b = 1186 + -807. Is b a composite number?
False
Is (-307934)/(-33)*(2/4 - -1) a composite number?
False
Let z(y) = 27*y**3 - y**2 - 3*y + 2. Let f be z(1). Let j = -4 - 2. Let r = f - j. Is r a composite number?
False
Suppose k + 396624 = 49*k. Is k a composite number?
False
Suppose -629 = -a - 15*z + 14*z, -5*z + 621 = a. Is a a prime number?
True
Suppose -2*r - 1 = 5. Let m be r/(-4) - 114/24. Is 71 - 1*(-2 - m) a prime number?
False
Let l = -99 + 39. Let p be (l/(-24))/(1/(-6)). Is 3156/15 - 9/p a prime number?
True
Let o(p) = 1332*p**2 - 1. Is o(2) composite?
True
Is 109915/8 - -3*(-8)/64 composite?
True
Suppose 95741 = 4*o - 5*z, 3*o = -3*z + 48284 + 23488. Is o a composite number?
False
Let j(n) = 9*n**3 - 5*n**2 - 3. Let h(y) = 6*y**3 - 3*y**2 - 2. Let c(q) = -7*h(q) + 5*j(q). Let l be c(3). Is 11319/l - 1/4 a composite number?
False
Suppose s - 690 = 2*m, -2*s - 6*m + 1380 = -2*m. Suppose -2800 = -4*f + 4*r, -4*f + 5*f = -r + s. Is f composite?
True
Suppose -47*z + 51*z - 1228 = 0. Is z a composite number?
False
Let o = -17 + 22. Suppose 2*i - z = z + 1034, -o*i + 2585 = -3*z. Is i a composite number?
True
Let o be (-9)/(-6)*4 - 3. Suppose g = o + 2. Suppose -g*y + 5*x + 585 = 0, -218 = -2*y + 2*x - 4*x. Is y a composite number?
False
Let f(h) = 18*h**2 + h + 67. Is f(36) prime?
True
Let m be -1 - 114 - (-7 + 3 + 3). Let j be (1028/8)/((-1)/2). Let v = m - j. Is v a composite number?
True
Let u = -42451 + 133422. Is u composite?
False
Let u be 2/(-16) - 55215/(-120). Suppose 2*q - u = -2*k - 3*q, -q + 1173 = 5*k. Is k composite?
True
Let j(y) = 5*y**3 - 49*y**2 - 73*y - 39. Let b(q) = -2*q**3 + 16*q**2 + 24*q + 13. Let w(n) = 8*b(n) + 3*j(n). Is w(-18) a composite number?
False
Suppose 5*d - 44 = d. Suppose d*p - 16394 = -3*p. Is p prime?
True
Suppose -6*v = -3*v - 12, -4*v = -2*g + 14. Suppose -g = -0*w - 3*w. Suppose -w*q + 82 = -93. Is q a prime number?
False
Let y be (-3 - (-3)/3)*(-2953)/2. Suppose 2*x - y = 93. Is x a composite number?
False
Let g be 132/(-12) - (-2)/(-2). Let a(n) = -n - 5. Let q be a(g). Suppose 0 = -q*u - 3 + 136. Is u prime?
True
Let k be 40/(-12)*(-48)/20. Suppose -2*r = -4*r - k, -r = 5*z - 841. Is z a prime number?
False
Suppose -g = 4*o - 7, 0*g = -o + g + 8. Is 987/9 + o*(-4)/18 composite?
False
Suppose 0 = 3*r - 2*o + o - 971, -r - 3*o = -337. Let z = r - -289. Is z a composite number?
True
Let l = -1024 + 1495. Is l prime?
False
Let o = -2255 + 5974. Is o prime?
True
Let d(g) = 495*g - 914. Is d(8) composite?
True
Suppose 0 = -4*g - 5*r - 30, -5*g + 7*r = 3*r + 17. Let j be g + 6 + 0 + -1. Suppose 4*z = -j*z + 1868. Is z composite?
False
Let u = -1626 - -2477. Is u a prime number?
False
Suppose -2*s + 184 = -0*s. Let r = -62 - s. Let z = r + 365. Is z a prime number?
True
Let c = -1485 + 20318. Is c a prime number?
False
Let u = -7 - -8. Let i be -643 + (-2 + u - 0). Let x = 1333 + i. Is x prime?
False
Is 1388 + (0 + 1)*(-85)/17 composite?
True
Let c(l) = 163*l + 338. Is c(21) composite?
False
Suppose 0 = 39*b - 10045 - 406748. Is b a prime number?
True
Suppose 14*p - 811473 = -25*p. Is p a prime number?
True
Suppose 6*b - 16029 = -1275. Is b prime?
True
Suppose -2339 = l + l - 3*c, 2364 = -2*l - 2*c. Let x = l + 2574. Is x composite?
True
Suppose 17 = -2*b + 41. Let q(c) = 1 - b*c - c - c + c. Is q(-4) a composite number?
False
Let g(z) = -5*z**3 - 5*z**2 + z**2 + z**2 + 4 + 5*z. Suppose 2445*x - 2441*x = -12. Is g(x) composite?
False
Suppose 36*w = 49*w - 2743. Is w a composite number?
False
Suppose 654 = -11*x + 12*x. Let l = x - 445. Suppose -7*b = -8*b + l. Is b a prime number?
False
Let l be -44 - (-4 - (0 - 2)). Suppose 2*s - 170 - 128 = 0. Let a = s - l. Is a prime?
True
Let j = -14 - -13. Let t be (-155 + -3 + -3)/j. Let g = 0 + t. Is g composite?
True
Suppose 3*u = u + 3*v + 109, -305 = -5*u + v. Let j = -165 + u. Let n = 182 + j. Is n a prime number?
True
Suppose 6*h - 11 - 1 = 0. Is -2 + h + -1 + 423 a composite number?
True
Let w = -121 + 592. Is w a prime number?
False
Let h(f) = 2*f**3 - 2*f**2 - 2*f - 1. Let l(c) = c - 1. Let j be l(0). Let d be h(j). Is d + (-1)/((-2)/784) a composite number?
False
Is (54/(-10) + 2)*-1255 prime?
False
Suppose 2*z = 3*g + 12434, -2*g = 4*z + 2151 - 26987. Is z prime?
True
Suppose -446*q + 437*q = -473643. Is q a prime number?
True
Let f(t) = 277*t**3 - 4*t**2 - t - 1. Is f(3) composite?
True
Suppose -5*m + 2*g + 16012 - 6313 = 0, -4*m - 5*g + 7779 = 0. Is m a composite number?
True
Let o(f) = -2*f**2 + 4*f + 10. Let x be o(15). Let q = -85 - x. Is q prime?
False
Let j(n) = -2*n**2 + 4*n - 4. Let b be j(2). Is -5*(-166)/b*-2 a composite number?
True
Suppose 5*m + 3*